n base 12, what is -12 + -50?
-62
In base 4, what is 1023102 + -1?
1023101
In base 15, what is -45be + 4?
-45ba
In base 8, what is 47 - 1?
46
In base 16, what is 8e + -3e?
50
In base 8, what is -1 + 1746?
1745
In base 14, what is 3 - -159?
15c
In base 9, what is -10 - -655?
645
In base 16, what is -57 + f?
-48
In base 7, what is 1030 - -4?
1034
In base 10, what is -3115 - 9?
-3124
In base 6, what is 2 - 121?
-115
In base 13, what is -2a + -7?
-34
In base 12, what is -4 + 3a6?
3a2
In base 14, what is 1366 + 8?
1370
In base 3, what is -1012 + 10?
-1002
In base 3, what is 100211110 - 2?
100211101
In base 2, what is 11 + -1010001101010?
-1010001100111
In base 12, what is -32 - -3a?
8
In base 11, what is 4 - -198?
1a1
In base 14, what is -137 + -8?
-141
In base 5, what is -4 - -1330?
1321
In base 3, what is 21 - 212022?
-212001
In base 3, what is 211011 - 10?
211001
In base 11, what is -53 - -a?
-44
In base 2, what is 11001001 - 10?
11000111
In base 11, what is 60 - 8?
53
In base 16, what is 5 + 5a?
5f
In base 2, what is 100111100 + 100?
101000000
In base 15, what is -2115 - 5?
-211a
In base 14, what is 2 + 61?
63
In base 12, what is 7 - -17?
22
In base 15, what is -4 - -155?
151
In base 9, what is -375 - -60?
-315
In base 15, what is -28 + 2?
-26
In base 6, what is 24 - 1?
23
In base 2, what is 10010100111 + -10001?
10010010110
In base 2, what is 11010 + -10110?
100
In base 15, what is b9b6 + -1?
b9b5
In base 15, what is -430b - 1?
-430c
In base 4, what is -232 + -11103?
-12001
In base 16, what is -11 + 2ec?
2db
In base 15, what is 11 - 10?
1
In base 5, what is 3 - -10210?
10213
In base 5, what is -14142 - -2?
-14140
In base 7, what is 3 + -64?
-61
In base 10, what is -22 - -8?
-14
In base 5, what is -31410 - 0?
-31410
In base 12, what is 18 - 3?
15
In base 12, what is 0 + -37?
-37
In base 16, what is 2fa + 0?
2fa
In base 12, what is 2 - 6a1?
-69b
In base 11, what is -6 - -1a41?
1a36
In base 11, what is -226 - -5?
-221
In base 2, what is 10111000 - 110?
10110010
In base 15, what is -260 - -2?
-25d
In base 11, what is 1344a + 4?
13453
In base 10, what is 1086 + -13?
1073
In base 6, what is -5 - -252?
243
In base 2, what is -110 - 11000111?
-11001101
In base 8, what is -47 + 106?
37
In base 6, what is 54 + -3?
51
In base 15, what is 4 - 44c?
-448
In base 14, what is -5 + 262?
25b
In base 2, what is -11 - 1000101?
-1001000
In base 14, what is 16 - 19?
-3
In base 13, what is 1c + -19?
3
In base 10, what is 342 - -2?
344
In base 7, what is -5 + 651?
643
In base 13, what is 56 + -2?
54
In base 12, what is -5 - -26?
21
In base 6, what is 1434 - 13?
1421
In base 4, what is -133 - 130?
-323
In base 10, what is -144 - -34?
-110
In base 4, what is 12 - -132313?
132331
In base 11, what is -5 - 87?
-91
In base 6, what is -1013 - -30?
-543
In base 5, what is 100 + 10?
110
In base 15, what is -66 - -2?
-64
In base 15, what is 14 - -19?
2d
In base 7, what is 313 - 555?
-242
In base 14, what is -245 + 4?
-241
In base 4, what is 11 + -102002?
-101331
In base 14, what is 1 + 16b2?
16b3
In base 2, what is -10 - 11111011?
-11111101
In base 3, what is 110 + 22?
202
In base 14, what is -599 - 5?
-5a0
In base 6, what is 3 + -1115?
-1112
In base 5, what is 4332 - 4?
4323
In base 7, what is 1 - -1210?
1211
In base 14, what is 3 - b3b?
-b38
In base 13, what is 8 + 139b?
13a6
In base 4, what is 102 - -20?
122
In base 6, what is -3 - -2021?
2014
In base 6, what is -12 + 5450?
5434
In base 10, what is -2 - 60?
-62
In base 15, what is 151 - 7?
149
In base 7, what is -521 + -4?
-525
In base 9, what is -2 - 23?
-25
In base 5, what is 430 - -400?
1330
In base 11, what is -2 - -2a2?
2a0
In base 13, what is -1 - a44?
-a45
In base 15, what is -6 - -160?
159
In base 10, what is 30401 + -4?
30397
In base 14, what is 80d - 4?
809
In base 6, what is 144550 - -2?
144552
In base 9, what is 10 + -165?
-155
In base 12, what is -2 - -14?
12
In base 3, what is 111121000 - 12?
111120211
In base 15, what is -7e - 0?
-7e
In base 12, what is -4 - 79?
-81
In base 8, what is -3 + -3?
-6
In base 14, what is -4c1 + b?
-4b4
In base 7, what is 35 - -141?
206
In base 9, what is 4 + -30?
-25
In base 16, what is -2 + 47?
45
In base 5, what is 2 - -403?
410
In base 16, what is 5 - -11b?
120
In base 4, what is -123 - 20?
-203
In base 12, what is 165 + 3?
168
In base 6, what is -5 + 13?
4
In base 15, what is 229 + -3?
226
In base 16, what is 4 - -d?
11
In base 3, what is 22212 - 0?
22212
In base 6, what is -4 - 4?
-12
In base 2, what is -1101 + 1110?
1
In base 16, what is 82 + -27?
5b
In base 8, what is 7022 - 1?
7021
In base 5, what is -140024 + 4?
-140020
In base 7, what is -51254 - 1?
-51255
In base 4, what is 22030 - -1?
22031
In base 12, what is -1 - 76?
-77
In base 5, what is -240 + -203?
-443
In base 4, what is -11 - -1232?
1221
In base 3, what is -2210011 + 11?
-2210000
In base 10, what is 2 - 1633?
-1631
In base 15, what is 3 - 92?
-8e
In base 6, what is -20225 + 1?
-20224
In base 11, what is 1414 - 1?
1413
In base 7, what is -1111 + -3?
-1114
In base 16, what is -63 + -1?
-64
In base 14, what is 38 + -44?
-a
In base 12, what is -4 + -60?
-64
In base 10, what is -12 + -6?
-18
In base 7, what is 64 - 1?
63
In base 13, what is -4 + -24?
-28
In base 9, what is 237 + -1?
236
In base 10, what is 1715 + 5?
1720
In base 4, what is 323 + -200?
123
In base 5, what is -403 + 10?
-343
In base 5, what is 104 - 33?
21
In base 5, what is 11 - -12?
23
In base 5, what is 220 + -1013?
-243
In base 11, what is 4 + -149?
-145
In base 13, what is 390 + 5?
395
In base 9, what is 42 + -83?
-41
In base 13, what is 0 - -1160?
1160
In base 4, what is -2 + -220?
-222
In base 11, what is 19 - 44?
-26
In base 16, what is 4 + -13e9?
-13e5
In base 7, what is 20 + -1?
16
In base 14, what is -aa - -4?
-a6
In base 9, what is -21133 - 0?
-21133
In base 9, what is 206 - -3?
210
In base 8, what is -4 - 677?
-703
In base 6, what is -5 + -143?
-152
In base 10, what is -178 + -2?
-180
In base 4, what is -1020 + -21?
-1101
In base 16, what is 402 + -1?
401
In base 14, what is -4 + c30?
c2a
In base 3, what is 211 + -200?
11
In base 11, what is 1 - 40?
-3a
In base 13, what is -3 + -20c?
-212
In base 6, what is 1422 - 0?
1422
In base 4, what is 13121 + -3?
13112
In base 5, what is -3134 - -4?
-3130
In base 15, what is -17 + -94?
-ab
In base 6, what is -14445 + 12?
-14433
In base 7, what is 0 + -1536?
-1536
In base 15, what is 2 + -96d?
-96b
In base 3, what is 101212 + 101?
102020
In base 7, what is 3 - -12?
15
In base 14, what is 0 - -50?
50
In base 3, what is 2222022 - 2?
2222020
In base 11, what is 14 + -27?
-13
In base 2, what is 1110001 - -1111111?
11110000
In base 9, what is -160 - 4?
-164
In base 14, what is b1 - 4?
ab
In base 5, what is -20101 + 10?
-20041
In base 4, what is -3 - -1030?
1021
In base 11, what is -319 + 1?
-318
In base 6, what is 4 + -10?
-2
In base 5, what is 113321 - -10?
113331
In base 6, what is -13 - 55?
-112
In base 5, what is 1 + -4?
-3
In base 5, what is -20 - 132?
-202
In base 8, what is 307 + -2?
305
In base 9, what is -27 - 16?
-44
In base 15, what is db + 15?
101
In base 8, what is -66 - 6?
-74
In base 10, what is 21 - -6?
27
In base 12, what is -1a56 + 1?
-1a55
In base 12, what is -50 + 28?
-24
In base 11, what is 209 + -1a?
19a
In base 7, what is 11 + 304?
315
In base 9, what is -1 - -2766?
2765
In base 5, what is -134210 - -1?
-134204
In base 11, what is -5 + -33?
-38
In base 13, what is -2 + 30a?
308
In base 13, what is -a - -3c?
32
In base 13, what is 16 + 4?
1a
In base 3, what is 12210210 - -1?
12210211
In base 2, what is -1111111 - 10011?
-10010010
In base 12, what is -2 + 2942?
2940
In base 10, what is 1 - -1184?
1185
In base 8, what is 30 + 104?
134
In base 16, what is 6 + -3e?
-38
In base 8, what is 747 + -17?
730
In base 10, what is 8 - -229?
237
In base 10, what is -7 + -722?
-729
In base 9, what is 4 - -80?
84
In base 16, what is -b7 + -15?
-cc
In base 4, what is 102 - 1212?
-1110
In base 6, what is 5 + -141?
-132
In base 7, what is 3 - 22100?
-22064
In base 4, what is -132303 - -12?
-132231
In base 6, what is 1 - -441?
442
In base 5, what is 12331 - 10?
12321
In base 9, what is 516 + -5?
511
In base 15, what is 5d - 3?
5a
In base 13, what is -1613 - 4?
-1617
In base 4, what is -1 - -11132?
